.
11
Suppose q = -2*q + 9. Let j be (12 - -8) + q + 0. What is the greatest common factor of j and 46?
23
Suppose 87 + 57 = 3*b. Let y = b + -34. Let c be 10/(-35) - (-32)/y. What is the greatest common divisor of c and 22?
2
Let s = 37 - 15. Calculate the highest common divisor of 66 and s.
22
Suppose 0 = -39*x + 43*x - 20. Calculate the greatest common factor of 40 and x.
5
Let c(p) = -p**2 - 2*p - 3. Let g be c(-2). Let l be 0 - g - (-1 - 3). What is the highest common factor of 21 and l?
7
Let h = -16 - -22. Let q = h - 4. Suppose -4*g + 6 = -3*g. Calculate the highest common divisor of q and g.
2
Let o = 143 - 97. Calculate the greatest common factor of 506 and o.
46
Let p(l) = 2*l - 8. Let h be p(6). Let g = -1 + h. Suppose 7*n - 72 = 4*n. Calculate the highest common divisor of g and n.
3
Let p = 11 + 11. Calculate the greatest common divisor of p and 33.
11
Suppose 2*k = -22 - 4. Let r = 8 - k. What is the greatest common divisor of 168 and r?
21
Suppose -2*v = 2*v - 64. Let q = v - 7. Let t be 48 - (3 + (-1 - -1)). What is the greatest common factor of t and q?
9
Let u(f) = f**2 - 2*f - 2. Let w be u(5). Let o = -24 - -115. Calculate the greatest common divisor of w and o.
13
Let u be ((-30)/(-4))/3*2. Let t = u - -2. What is the highest common factor of 28 and t?
7
Suppose 0 = 2*j + 2*y - 3*y - 4, j = -2*y + 12. Suppose -116 = -3*c - 6*d + 2*d, 0 = -c - d + 37. Calculate the highest common divisor of j and c.
4
Suppose 5*v = -20, 5*r = 6*v - 5*v + 1269. Calculate the highest common divisor of r and 23.
23
Suppose -2*o + 6 = -12. Let u = -1 + o. Calculate the highest common divisor of u and 2.
2
Let r = 8 - 3. Suppose r*l - 4*i - 23 = 4*l, -3*i - 33 = -3*l. Suppose -3*x + l + 17 = 0. What is the greatest common divisor of 64 and x?
8
Suppose 0*m - m - 2*u - 16 = 0, 5*m = -2*u - 48. Let c = m - -12. What is the greatest common factor of 8 and c?
4
Let v(y) = -y**3 - y + 39. Let z be v(0). Let c = -70 + z. Let h be (-2)/(c/(-32) - 1). What is the highest common factor of h and 8?
8
Suppose 6 + 14 = 4*l. Suppose 3*w = -l*m + 94, -59 = 4*w + m - 190. Calculate the greatest common factor of 22 and w.
11
Suppose 44 + 52 = 4*b. Calculate the highest common factor of b and 6.
6
Suppose 0 = 2*l + 15 - 51. What is the highest common divisor of 198 and l?
18
Suppose 7*p = 4*p + 72. Suppose -9 + 18 = 3*n. Calculate the greatest common factor of p and n.
3
Suppose 3*f = 5*p - 17, 4*f - 8 = -3*p + 2*p. Suppose -3*q + 9 = 0, 2*q + 5 = 3*g - p. What is the greatest common divisor of 5 and g?
5
Suppose 0 = -4*j + 4 - 0. Suppose 3*g + 3*h = 15, 4*g + 2*h - 26 = h. What is the highest common divisor of j and g?
1
Suppose c - 50 = 2*g, 3*g = 3*c - c - 99. Let q(h) = -h**3 + 6*h**2 - 3*h - 5. Let t be q(5). Let z = 17 - t. What is the highest common divisor of z and c?
12
Let v = 8 + -3. Let z be (8/v)/((-2)/(-95)). What is the greatest common factor of 19 and z?
19
Let h be ((-10)/35)/((-1)/7). Let n be (h/(-6) + -3)*-3. Suppose 3*c - 2*c - 4 = 0. Calculate the highest common divisor of n and c.
2
Let j = -5 + 10. Suppose 90 + 75 = j*n. Calculate the greatest common divisor of 3 and n.
3
Let h be (-1935)/(-55) + 6/(-33). Let t(k) = 5*k**2 - k + 1. Let o be t(1). What is the highest common divisor of o and h?
5
Suppose 2*m + 2 = -m - 2*d, 4*d = -4. Suppose m*o = -5*o - 35. Let t = o - -12. What is the highest common factor of t and 30?
5
Suppose 5 + 15 = -4*o. Let i = 3 - o. Calculate the greatest common divisor of i and 16.
8
Let z(n) = 108*n + 4. Let w be z(3). Let k be w/(-6)*21/14. Let q be k/(-7) - (-10)/35. What is the highest common divisor of 96 and q?
12
Let n(z) = -z**3 - 8*z**2 - z - 8. Let o be n(-8). Suppose o*h + 70 = h. Suppose 0 = -3*k - 0*k + 21. What is the highest common factor of k and h?
7
Let s be 8/(-20) + 36/15. What is the greatest common factor of 4 and s?
2
Suppose -2*t - 422 = -2*p, -2*p - t = -4*p + 419. Suppose -b - 30 - 26 = 0. Let k be (-4)/(b/26 - -2). What is the greatest common divisor of k and p?
26
Let w = -22 - -32. Calculate the highest common divisor of 10 and w.
10
Let y = -24 + 33. What is the highest common divisor of 45 and y?
9
Let n = -11 - -29. Let j be -2 + 1 - n/(-6). Calculate the highest common divisor of j and 10.
2
Suppose 2 = -2*h + 6. Suppose -4*k = -12, -j - 5*k = j - 23. Calculate the greatest common factor of j and h.
2
Suppose -16 - 23 = -h. Calculate the highest common divisor of 65 and h.
13
Let u(b) be the first derivative of b**3/3 - b**2 + 3*b + 7. Let x be u(-3). Calculate the greatest common divisor of x and 198.
18
Suppose 0*w - 160 = -4*w. Suppose -6 = 2*a - 26. Calculate the highest common divisor of a and w.
10
Let r = -23 + 43. What is the highest common factor of r and 220?
20
Let r = 26 + -24. Suppose 5*h = r*y + 71, 37 = 5*h + 2*y - 22. Calculate the highest common factor of 117 and h.
13
Let o be -10*(12/(-8) + 1). Suppose -4*y - w = -6 - 8, 0 = -o*w - 10. Calculate the highest common divisor of y and 28.
4
Let z(l) = l**2 + 3*l - 2. Suppose 2*q + 0*q = -8. Let c be z(q). What is the greatest common factor of 6 and c?
2
Let g = 48 + -36. Calculate the greatest common divisor of 96 and g.
12
Suppose 20 - 4 = 4*y. Suppose 3 + 13 = y*n. Let d(t) = t**2 - t - 5. Let a be d(n). What is the greatest common divisor of 21 and a?
7
Suppose 5*u - 72 = 288. What is the greatest common divisor of u and 8?
8
Let g(x) = x**2 + 10*x - 3. Let l be g(-10). Let f be -1*44/6*l. Calculate the greatest common divisor of f and 2.
2
Let s be (4 + -3 - 0)*5. Suppose s*k = 14 + 6. What is the greatest common divisor of k and 32?
4
Suppose -2*m = -190 + 76. What is the greatest common divisor of m and 38?
19
Suppose -5*t + 3*r + 171 = -39, -160 = -3*t - 5*r. What is the highest common factor of 10 and t?
5
Let w = 15 - 19. Let g(c) = -c**3 - 3*c**2 - 3*c + 4. Let o be g(w). Calculate the greatest common divisor of o and 288.
32
Suppose -5*p + 4*p + 14 = 4*t, -2*p = t - 7. Suppose j = t*f - 2*f - 33, 0 = -5*f + j + 153. What is the greatest common divisor of 45 and f?
15
Let j = -51 + 87. Suppose -3 = -2*q + 5. What is the greatest common factor of q and j?
4
Let q(n) = -5 - 5 - 13*n + 6 - 4. Let i be q(-11). What is the greatest common factor of i and 15?
15
Let h(o) = o + 10. Let v be h(-8). Let y = 12 - v. Calculate the greatest common factor of y and 10.
10
Suppose 4*i - 5*j = 43 + 46, -5*j = 2*i - 7. Calculate the greatest common divisor of i and 432.
16
Suppose 4*b + 4*a = 31 + 53, 2*b - 14 = 5*a. Suppose -7 = -k + b. What is the greatest common divisor of k and 24?
24
Let w(o) = -o**3 + 9*o**2 - 8*o - 2. Let z be w(8). Let g be z/(-5) + (-296)/(-10). Let q be (44/6)/(4/g). What is the greatest common divisor of q and 22?
11
Suppose 3*s - a - 26 - 149 = 0, -4*s + 3*a + 235 = 0. What is the greatest common divisor of 87 and s?
29
Let o(a) = a**2 - a - 4. Suppose q - 3*q = -10. Let t be o(q). What is the highest common factor of t and 4?
4
Let l(b) = b**3 + b**2 - 5*b + 1. Suppose -5*z = -5*r, 2*z + 7 - 2 = 3*r. Let g be l(r). What is the greatest common divisor of g and 14?
14
Suppose -3*q = -99 + 36. Let a(b) = -3*b. Let l be a(-1). Suppose 4*t = -4*x + 768, 0 = 2*x + x - l*t - 558. Calculate the highest common factor of x and q.
21
Let i(z) = -2*z - 12. Let x be i(3). Let v be (6/9)/(1/(-18)). Let m = v - x. Calculate the highest common divisor of 60 and m.
6
Let z(c) = -5*c**2 - 2*c**2 - 2*c - 12*c + 4 + 6*c**2. Let h be z(-6). Calculate the greatest common factor of h and 78.
26
Suppose 5*b - 19 - 16 = 0. Calculate the greatest common divisor of 7 and b.
7
Suppose 8 = 3*v - 2*v. Suppose 2*c - 8 = v. Calculate the greatest common factor of c and 12.
4
Let n be (-214)/(-6) + (-1)/(-3). Suppose 4*w + w - 3*b = 195, -w + 2*b + 46 = 0. Suppose j - w = -3*j. Calculate the highest common factor of j and n.
9
Let v(o) = -o + 8. Let a be v(0). Let q be (11 - a)*(-1)/(-1). What is the highest common divisor of q and 15?
3
Let k(g) = 8 + 3*g - 3 - 5*g. Let j be k(-7). Let y = 31 - 12. What is the highest common divisor of y and j?
19
Let c(d) = 2*d - 9. Suppose 3*w + 0*w - 30 = 0. Let v be c(w). Suppose -o + 2*o = v. Calculate the greatest common divisor of o and 1.
1
Suppose -9*g + 95 = -58. What is the 